{"id":8,"date":"2021-05-16T17:14:49","date_gmt":"2021-05-16T15:14:49","guid":{"rendered":"http:\/\/localhost\/wordpress-5.7.2-de_DE\/wordpress\/worldcup2021-de\/?page_id=8"},"modified":"2021-06-01T12:09:45","modified_gmt":"2021-06-01T10:09:45","slug":"grussworte","status":"publish","type":"page","link":"http:\/\/slalomevents.de\/weltcup2021\/grussworte\/","title":{"rendered":"Gru\u00dfworte"},"content":{"rendered":"\t\t<div data-elementor-type=\"wp-page\" data-elementor-id=\"8\" class=\"elementor elementor-8\">\n\t\t\t\t\t\t<section class=\"elementor-section elementor-top-section elementor-element elementor-element-24dee34 elementor-section-boxed elementor-section-height-default elementor-section-height-default\" data-id=\"24dee34\" data-element_type=\"section\">\n\t\t\t\t\t\t<div class=\"elementor-container elementor-column-gap-default\">\n\t\t\t\t\t<div class=\"elementor-column elementor-col-20 elementor-top-column elementor-element elementor-element-544523f\" data-id=\"544523f\" data-element_type=\"column\">\n\t\t\t<div class=\"elementor-widget-wrap elementor-element-populated\">\n\t\t\t\t\t\t<div class=\"elementor-element elementor-element-09f9084 elementor-widget elementor-widget-image\" data-id=\"09f9084\" data-element_type=\"widget\" data-widget_type=\"image.default\">\n\t\t\t\t<div class=\"elementor-widget-container\">\n\t\t\t\t\t\t\t\t\t\t\t\t\t\t\t\t<a href=\"http:\/\/slalomevents.de\/weltcup2021\/grussworte-dkv\/\">\n\t\t\t\t\t\t\t<img decoding=\"async\" src=\"http:\/\/slalomevents.de\/weltcup2021\/wp-content\/uploads\/sites\/4\/elementor\/thumbs\/Praesident-DKV-Thomas-Konietzko-p7b00qfm4af37k4klznyvp0teriychdq5kqc2fgowu.jpg\" title=\"Praesident-DKV-Thomas-Konietzko\" alt=\"Praesident-DKV-Thomas-Konietzko\" loading=\"lazy\" \/>\t\t\t\t\t\t\t\t<\/a>\n\t\t\t\t\t\t\t\t\t\t\t\t\t\t\t<\/div>\n\t\t\t\t<\/div>\n\t\t\t\t<div class=\"elementor-element elementor-element-a234e11 elementor-widget elementor-widget-text-editor\" data-id=\"a234e11\" data-element_type=\"widget\" data-widget_type=\"text-editor.default\">\n\t\t\t\t<div class=\"elementor-widget-container\">\n\t\t\t\t\t\t\t\t\t<p style=\"text-align: center;\">DKV-Pr\u00e4sident Thomas Konietzko<\/p>\t\t\t\t\t\t\t\t<\/div>\n\t\t\t\t<\/div>\n\t\t\t\t\t<\/div>\n\t\t<\/div>\n\t\t\t\t<div class=\"elementor-column elementor-col-20 elementor-top-column elementor-element elementor-element-ba0c2ec\" data-id=\"ba0c2ec\" data-element_type=\"column\">\n\t\t\t<div class=\"elementor-widget-wrap elementor-element-populated\">\n\t\t\t\t\t\t<div class=\"elementor-element elementor-element-0831afe elementor-widget elementor-widget-image\" data-id=\"0831afe\" data-element_type=\"widget\" data-widget_type=\"image.default\">\n\t\t\t\t<div class=\"elementor-widget-container\">\n\t\t\t\t\t\t\t\t\t\t\t\t\t\t\t\t<a href=\"http:\/\/slalomevents.de\/weltcup2021\/grussworte-skv\/\">\n\t\t\t\t\t\t\t<img decoding=\"async\" src=\"http:\/\/slalomevents.de\/weltcup2021\/wp-content\/uploads\/sites\/4\/elementor\/thumbs\/Grusswort-Praesident-SKV-Arend-Riegel-p7b02pvcjp4vpx8t0ujm56zuk1qulh9breb8jgir3i.jpg\" title=\"Grusswort-Praesident-SKV-Arend-Riegel\" alt=\"Grusswort-Praesident-SKV-Arend-Riegel\" loading=\"lazy\" \/>\t\t\t\t\t\t\t\t<\/a>\n\t\t\t\t\t\t\t\t\t\t\t\t\t\t\t<\/div>\n\t\t\t\t<\/div>\n\t\t\t\t<div class=\"elementor-element elementor-element-b0d11a1 elementor-widget elementor-widget-text-editor\" data-id=\"b0d11a1\" data-element_type=\"widget\" data-widget_type=\"text-editor.default\">\n\t\t\t\t<div class=\"elementor-widget-container\">\n\t\t\t\t\t\t\t\t\t<p style=\"text-align: center;\">SKV-Pr\u00e4sident Ahrendt Riegel<\/p>\t\t\t\t\t\t\t\t<\/div>\n\t\t\t\t<\/div>\n\t\t\t\t\t<\/div>\n\t\t<\/div>\n\t\t\t\t<div class=\"elementor-column elementor-col-20 elementor-top-column elementor-element elementor-element-5a4e63e\" data-id=\"5a4e63e\" data-element_type=\"column\">\n\t\t\t<div class=\"elementor-widget-wrap elementor-element-populated\">\n\t\t\t\t\t\t<div class=\"elementor-element elementor-element-25547cc elementor-widget elementor-widget-image\" data-id=\"25547cc\" data-element_type=\"widget\" data-widget_type=\"image.default\">\n\t\t\t\t<div class=\"elementor-widget-container\">\n\t\t\t\t\t\t\t\t\t\t\t\t\t\t\t\t<a href=\"http:\/\/slalomevents.de\/weltcup2021\/grussworte-sachsen\/\">\n\t\t\t\t\t\t\t<img decoding=\"async\" width=\"456\" height=\"71\" src=\"http:\/\/slalomevents.de\/weltcup2021\/wp-content\/uploads\/sites\/4\/2021\/05\/Grusswort-Ministerpraesident-Freistaat-Sachsen-Michael-Kretschmer.jpg\" class=\"attachment-full size-full wp-image-80\" alt=\"\" srcset=\"http:\/\/slalomevents.de\/weltcup2021\/wp-content\/uploads\/sites\/4\/2021\/05\/Grusswort-Ministerpraesident-Freistaat-Sachsen-Michael-Kretschmer.jpg 456w, http:\/\/slalomevents.de\/weltcup2021\/wp-content\/uploads\/sites\/4\/2021\/05\/Grusswort-Ministerpraesident-Freistaat-Sachsen-Michael-Kretschmer-300x47.jpg 300w\" sizes=\"(max-width: 456px) 100vw, 456px\" \/>\t\t\t\t\t\t\t\t<\/a>\n\t\t\t\t\t\t\t\t\t\t\t\t\t\t\t<\/div>\n\t\t\t\t<\/div>\n\t\t\t\t<div class=\"elementor-element elementor-element-c7fa8c6 elementor-widget elementor-widget-text-editor\" data-id=\"c7fa8c6\" data-element_type=\"widget\" data-widget_type=\"text-editor.default\">\n\t\t\t\t<div class=\"elementor-widget-container\">\n\t\t\t\t\t\t\t\t\t<p style=\"text-align: center;\">Ministerpr\u00e4sident des Freistaates Sachsen<br \/>Michael Kretschmer<\/p>\t\t\t\t\t\t\t\t<\/div>\n\t\t\t\t<\/div>\n\t\t\t\t\t<\/div>\n\t\t<\/div>\n\t\t\t\t<div class=\"elementor-column elementor-col-20 elementor-top-column elementor-element elementor-element-fde46d8\" data-id=\"fde46d8\" data-element_type=\"column\">\n\t\t\t<div class=\"elementor-widget-wrap elementor-element-populated\">\n\t\t\t\t\t\t<div class=\"elementor-element elementor-element-1a6d938 elementor-widget elementor-widget-image\" data-id=\"1a6d938\" data-element_type=\"widget\" data-widget_type=\"image.default\">\n\t\t\t\t<div class=\"elementor-widget-container\">\n\t\t\t\t\t\t\t\t\t\t\t\t\t\t\t\t<a href=\"http:\/\/slalomevents.de\/weltcup2021\/grussworte-jung\/\">\n\t\t\t\t\t\t\t<img decoding=\"async\" src=\"http:\/\/slalomevents.de\/weltcup2021\/wp-content\/uploads\/sites\/4\/elementor\/thumbs\/Burkhard-Jung-2019-medium-204-p80q2jtgondjpb376g0z90h73ho91e78cg24pl5g0g.jpg\" title=\"Oberb\u00fcrgermeister Burkhard Jung\" alt=\"Oberb\u00fcrgermeister Burkhard Jung\" loading=\"lazy\" \/>\t\t\t\t\t\t\t\t<\/a>\n\t\t\t\t\t\t\t\t\t\t\t\t\t\t\t<\/div>\n\t\t\t\t<\/div>\n\t\t\t\t<div class=\"elementor-element elementor-element-5d8fed2 elementor-widget elementor-widget-text-editor\" data-id=\"5d8fed2\" data-element_type=\"widget\" data-widget_type=\"text-editor.default\">\n\t\t\t\t<div class=\"elementor-widget-container\">\n\t\t\t\t\t\t\t\t\t<p style=\"text-align: center;\">Oberb\u00fcrgermeister der Stadt Leipzig<br \/>Burkhard Jung<\/p>\t\t\t\t\t\t\t\t<\/div>\n\t\t\t\t<\/div>\n\t\t\t\t\t<\/div>\n\t\t<\/div>\n\t\t\t\t<div class=\"elementor-column elementor-col-20 elementor-top-column elementor-element elementor-element-b90ec06\" data-id=\"b90ec06\" data-element_type=\"column\">\n\t\t\t<div class=\"elementor-widget-wrap elementor-element-populated\">\n\t\t\t\t\t\t<div class=\"elementor-element elementor-element-7a36b48 elementor-widget elementor-widget-image\" data-id=\"7a36b48\" data-element_type=\"widget\" data-widget_type=\"image.default\">\n\t\t\t\t<div class=\"elementor-widget-container\">\n\t\t\t\t\t\t\t\t\t\t\t\t\t\t\t\t<a href=\"http:\/\/slalomevents.de\/weltcup2021\/grussworte-graichen\/\">\n\t\t\t\t\t\t\t<img decoding=\"async\" src=\"http:\/\/slalomevents.de\/weltcup2021\/wp-content\/uploads\/sites\/4\/elementor\/thumbs\/Henry-Graichen-Juni-2019-scaled-p80qc6nwqikcpf3dx3ybb2yaao6oxpg6o4sasov6f4.jpg\" title=\"Henry-Graichen-Juni-2019\" alt=\"Henry-Graichen-Juni-2019\" loading=\"lazy\" \/>\t\t\t\t\t\t\t\t<\/a>\n\t\t\t\t\t\t\t\t\t\t\t\t\t\t\t<\/div>\n\t\t\t\t<\/div>\n\t\t\t\t<div class=\"elementor-element elementor-element-537cd3f elementor-widget elementor-widget-text-editor\" data-id=\"537cd3f\" data-element_type=\"widget\" data-widget_type=\"text-editor.default\">\n\t\t\t\t<div class=\"elementor-widget-container\">\n\t\t\t\t\t\t\t\t\t<p style=\"text-align: center;\">Landrat Landkreis Leipzig<br \/>Henry Graichen<\/p>\t\t\t\t\t\t\t\t<\/div>\n\t\t\t\t<\/div>\n\t\t\t\t\t<\/div>\n\t\t<\/div>\n\t\t\t\t\t<\/div>\n\t\t<\/section>\n\t\t\t\t<\/div>\n\t\t","protected":false},"excerpt":{"rendered":"<p>DKV-Pr\u00e4sident Thomas Konietzko SKV-Pr\u00e4sident Ahrendt Riegel Ministerpr\u00e4sident des Freistaates SachsenMichael Kretschmer Oberb\u00fcrgermeister der Stadt LeipzigBurkhard Jung Landrat Landkreis LeipzigHenry Graichen<\/p>\n","protected":false},"author":1,"featured_media":0,"parent":0,"menu_order":0,"comment_status":"closed","ping_status":"closed","template":"","meta":{"footnotes":""},"class_list":["post-8","page","type-page","status-publish","hentry"],"_links":{"self":[{"href":"http:\/\/slalomevents.de\/weltcup2021\/wp-json\/wp\/v2\/pages\/8","targetHints":{"allow":["GET"]}}],"collection":[{"href":"http:\/\/slalomevents.de\/weltcup2021\/wp-json\/wp\/v2\/pages"}],"about":[{"href":"http:\/\/slalomevents.de\/weltcup2021\/wp-json\/wp\/v2\/types\/page"}],"author":[{"embeddable":true,"href":"http:\/\/slalomevents.de\/weltcup2021\/wp-json\/wp\/v2\/users\/1"}],"replies":[{"embeddable":true,"href":"http:\/\/slalomevents.de\/weltcup2021\/wp-json\/wp\/v2\/comments?post=8"}],"version-history":[{"count":36,"href":"http:\/\/slalomevents.de\/weltcup2021\/wp-json\/wp\/v2\/pages\/8\/revisions"}],"predecessor-version":[{"id":153,"href":"http:\/\/slalomevents.de\/weltcup2021\/wp-json\/wp\/v2\/pages\/8\/revisions\/153"}],"wp:attachment":[{"href":"http:\/\/slalomevents.de\/weltcup2021\/wp-json\/wp\/v2\/media?parent=8"}],"curies":[{"name":"wp","href":"https:\/\/api.w.org\/{rel}","templated":true}]}}